{"id":696,"date":"2021-08-16T12:42:05","date_gmt":"2021-08-16T15:42:05","guid":{"rendered":"https:\/\/festejo.art.br\/?page_id=696"},"modified":"2025-01-11T21:03:54","modified_gmt":"2025-01-12T00:03:54","slug":"patrocinio","status":"publish","type":"page","link":"https:\/\/festejo.art.br\/2024\/belo-horizonte\/patrocinio\/","title":{"rendered":"Patroc\u00ednio"},"content":{"rendered":"\t\t<div data-elementor-type=\"wp-page\" data-elementor-id=\"696\" class=\"elementor elementor-696\">\n\t\t\t\t\t\t<section class=\"elementor-section elementor-top-section elementor-element elementor-element-4fca988 elementor-section-height-min-height elementor-section-items-top elementor-section-boxed elementor-section-height-default\" data-id=\"4fca988\" data-element_type=\"section\" data-settings=\"{&quot;background_background&quot;:&quot;classic&quot;}\">\n\t\t\t\t\t\t<div class=\"elementor-container elementor-column-gap-no\">\n\t\t\t\t\t<div class=\"elementor-column elementor-col-100 elementor-top-column elementor-element elementor-element-3d0857c\" data-id=\"3d0857c\" data-element_type=\"column\" data-settings=\"{&quot;background_background&quot;:&quot;classic&quot;}\">\n\t\t\t<div class=\"elementor-widget-wrap elementor-element-populated\">\n\t\t\t\t\t\t<section class=\"elementor-section elementor-inner-section elementor-element elementor-element-aa632d4 elementor-section-height-min-height elementor-section-boxed elementor-section-height-default\" data-id=\"aa632d4\" data-element_type=\"section\">\n\t\t\t\t\t\t<div class=\"elementor-container elementor-column-gap-default\">\n\t\t\t\t\t<div class=\"elementor-column elementor-col-100 elementor-inner-column elementor-element elementor-element-57709f2\" data-id=\"57709f2\" data-element_type=\"column\">\n\t\t\t<div class=\"elementor-widget-wrap elementor-element-populated\">\n\t\t\t\t\t\t<div class=\"elementor-element elementor-element-a53e7e7 elementor-widget elementor-widget-heading\" data-id=\"a53e7e7\" data-element_type=\"widget\" data-widget_type=\"heading.default\">\n\t\t\t\t<div class=\"elementor-widget-container\">\n\t\t\t<h2 class=\"elementor-heading-title elementor-size-default\">PATROC\u00cdNIO<\/h2>\t\t<\/div>\n\t\t\t\t<\/div>\n\t\t\t\t<div class=\"elementor-element elementor-element-cade422 elementor-widget elementor-widget-text-editor\" data-id=\"cade422\" data-element_type=\"widget\" data-widget_type=\"text-editor.default\">\n\t\t\t\t<div class=\"elementor-widget-container\">\n\t\t\t\t\t\t\t<h4 style=\"font-family: 'Source Sans Pro', sans-serif; color: #2e2e2e;\"><span style=\"font-weight: bold;\">Instituto Unimed-BH<\/span><\/h4><p style=\"color: #2e2e2e;\">O Instituto Unimed-BH completou 20 anos em 2023. A associa\u00e7\u00e3o sem fins lucrativos foi criada em 2003 e, desde ent\u00e3o, desenvolve projetos socioculturais e socioambientais visando \u00e0 forma\u00e7\u00e3o da cidadania, estimulando o bem-estar e a qualidade de vida das pessoas, fomentando a economia criativa, valorizando espa\u00e7os p\u00fablicos e o meio ambiente. Ao longo de sua hist\u00f3ria, o Instituto destinou cerca de R$ 190 milh\u00f5es por meio das leis de incentivo municipal e federal, fundos do idoso e da crian\u00e7a e do adolescente, com o apoio de mais de 5,6 mil m\u00e9dicos cooperados e colaboradores da Unimed-BH. Em 2023, mais de 20 mil postos de trabalho foram gerados e 2 milh\u00f5es de pessoas foram alcan\u00e7adas por meio de projetos em cinco linhas de atua\u00e7\u00e3o: Comunidade, Voluntariado, Meio Ambiente, Ado\u00e7\u00e3o de Espa\u00e7os P\u00fablicos e Cultura, que est\u00e3o alinhados aos Objetivos de Desenvolvimento Sustent\u00e1vel da Agenda 2030.<\/p><h4 style=\"font-family: 'Source Sans Pro', sans-serif; color: #2e2e2e;\"><span style=\"font-weight: bold;\">CEMIG: A energia da cultura<\/span><\/h4><p style=\"color: #2e2e2e;\">Como a maior incentivadora da cultura em Minas Gerais, a Cemig segue investindo e apoiando as diferentes produ\u00e7\u00f5es art\u00edsticas existentes nas v\u00e1rias regi\u00f5es do estado. Afinal, fortalecer e impulsionar o setor cultural mineiro \u00e9 um compromisso da Companhia, refletindo seu prop\u00f3sito de transformar vidas com energia.<\/p><p style=\"color: #2e2e2e;\">Ao abra\u00e7ar a cultura em toda a sua diversidade, a Cemig potencializa, ao mesmo tempo que preserva, a mem\u00f3ria e a identidade do povo mineiro. Assim, os projetos incentivados pela empresa trazem na ess\u00eancia a import\u00e2ncia da tradi\u00e7\u00e3o e do resgate da hist\u00f3ria, sem, contudo, deixar de lado a presen\u00e7a da inova\u00e7\u00e3o.<\/p><p style=\"color: #2e2e2e;\">Apoiar iniciativas como essa refor\u00e7a a atua\u00e7\u00e3o da Cemig em ampliar, no estado, o acesso \u00e0s pr\u00e1ticas culturais e em buscar uma maior democratiza\u00e7\u00e3o dos seus incentivos.<\/p>\t\t\t\t\t\t<\/div>\n\t\t\t\t<\/div>\n\t\t\t\t\t<\/div>\n\t\t<\/div>\n\t\t\t\t\t<\/div>\n\t\t<\/section>\n\t\t\t\t\t<\/div>\n\t\t<\/div>\n\t\t\t\t\t<\/div>\n\t\t<\/section>\n\t\t\t\t<section class=\"elementor-section elementor-top-section elementor-element elementor-element-7037129a elementor-section-full_width elementor-section-height-default elementor-section-height-default\" data-id=\"7037129a\" data-element_type=\"section\" data-settings=\"{&quot;background_background&quot;:&quot;classic&quot;}\">\n\t\t\t\t\t\t<div class=\"elementor-container elementor-column-gap-default\">\n\t\t\t\t\t<div class=\"elementor-column elementor-col-100 elementor-top-column elementor-element elementor-element-182193bf\" data-id=\"182193bf\" data-element_type=\"column\">\n\t\t\t<div class=\"elementor-widget-wrap elementor-element-populated\">\n\t\t\t\t\t\t<div class=\"elementor-element elementor-element-5528fdc4 elementor-shape-circle e-grid-align-mobile-center elementor-widget__width-inherit elementor-grid-0 e-grid-align-center elementor-widget elementor-widget-social-icons\" data-id=\"5528fdc4\" data-element_type=\"widget\" data-widget_type=\"social-icons.default\">\n\t\t\t\t<div class=\"elementor-widget-container\">\n\t\t\t\t\t<div class=\"elementor-social-icons-wrapper elementor-grid\">\n\t\t\t\t\t\t\t<span class=\"elementor-grid-item\">\n\t\t\t\t\t<a class=\"elementor-icon elementor-social-icon elementor-social-icon-facebook elementor-repeater-item-d533e3a\" href=\"https:\/\/www.facebook.com\/festejotambormineiro\/\" target=\"_blank\">\n\t\t\t\t\t\t<span class=\"elementor-screen-only\">Facebook<\/span>\n\t\t\t\t\t\t<i class=\"fab fa-facebook\"><\/i>\t\t\t\t\t<\/a>\n\t\t\t\t<\/span>\n\t\t\t\t\t\t\t<span class=\"elementor-grid-item\">\n\t\t\t\t\t<a class=\"elementor-icon elementor-social-icon elementor-social-icon-instagram elementor-repeater-item-83ed20a\" href=\"https:\/\/www.instagram.com\/festejotambormineiro\/\" target=\"_blank\">\n\t\t\t\t\t\t<span class=\"elementor-screen-only\">Instagram<\/span>\n\t\t\t\t\t\t<i class=\"fab fa-instagram\"><\/i>\t\t\t\t\t<\/a>\n\t\t\t\t<\/span>\n\t\t\t\t\t\t\t<span class=\"elementor-grid-item\">\n\t\t\t\t\t<a class=\"elementor-icon elementor-social-icon elementor-social-icon-youtube elementor-repeater-item-b6eb838\" href=\"https:\/\/www.youtube.com\/festejotambormineiro\" target=\"_blank\">\n\t\t\t\t\t\t<span class=\"elementor-screen-only\">Youtube<\/span>\n\t\t\t\t\t\t<i class=\"fab fa-youtube\"><\/i>\t\t\t\t\t<\/a>\n\t\t\t\t<\/span>\n\t\t\t\t\t\t\t<span class=\"elementor-grid-item\">\n\t\t\t\t\t<a class=\"elementor-icon elementor-social-icon elementor-social-icon-envelope elementor-repeater-item-d431c3a\" href=\"mailto:festejo@napele.com.br\" target=\"_blank\">\n\t\t\t\t\t\t<span class=\"elementor-screen-only\">Envelope<\/span>\n\t\t\t\t\t\t<i class=\"fas fa-envelope\"><\/i>\t\t\t\t\t<\/a>\n\t\t\t\t<\/span>\n\t\t\t\t\t<\/div>\n\t\t\t\t<\/div>\n\t\t\t\t<\/div>\n\t\t\t\t<div class=\"elementor-element elementor-element-578bc8a5 elementor-widget elementor-widget-text-editor\" data-id=\"578bc8a5\" data-element_type=\"widget\" data-widget_type=\"text-editor.default\">\n\t\t\t\t<div class=\"elementor-widget-container\">\n\t\t\t\t\t\t\t<p>festejo@napele.com.br<\/p>\t\t\t\t\t\t<\/div>\n\t\t\t\t<\/div>\n\t\t\t\t\t<\/div>\n\t\t<\/div>\n\t\t\t\t\t<\/div>\n\t\t<\/section>\n\t\t\t\t<section class=\"elementor-section elementor-top-section elementor-element elementor-element-5c15bec3 elementor-section-boxed elementor-section-height-default elementor-section-height-default\" data-id=\"5c15bec3\" data-element_type=\"section\" data-settings=\"{&quot;background_background&quot;:&quot;classic&quot;}\">\n\t\t\t\t\t\t<div class=\"elementor-container elementor-column-gap-default\">\n\t\t\t\t\t<div class=\"elementor-column elementor-col-100 elementor-top-column elementor-element elementor-element-76300a97\" data-id=\"76300a97\" data-element_type=\"column\" data-settings=\"{&quot;background_background&quot;:&quot;classic&quot;}\">\n\t\t\t<div class=\"elementor-widget-wrap elementor-element-populated\">\n\t\t\t\t\t\t<div class=\"elementor-element elementor-element-eabe0a6 elementor-widget elementor-widget-image\" data-id=\"eabe0a6\" data-element_type=\"widget\" data-widget_type=\"image.default\">\n\t\t\t\t<div class=\"elementor-widget-container\">\n\t\t\t\t\t\t\t\t\t\t\t\t\t<img fetchpriority=\"high\" decoding=\"async\" width=\"1843\" height=\"456\" src=\"https:\/\/festejo.art.br\/2024\/belo-horizonte\/wp-content\/uploads\/2025\/01\/Festejo_cartaz-7-e1736637473410.png\" class=\"attachment-full size-full wp-image-1593\" alt=\"\" srcset=\"https:\/\/festejo.art.br\/2024\/belo-horizonte\/wp-content\/uploads\/2025\/01\/Festejo_cartaz-7-e1736637473410.png 1843w, https:\/\/festejo.art.br\/2024\/belo-horizonte\/wp-content\/uploads\/2025\/01\/Festejo_cartaz-7-e1736637473410-300x74.png 300w, https:\/\/festejo.art.br\/2024\/belo-horizonte\/wp-content\/uploads\/2025\/01\/Festejo_cartaz-7-e1736637473410-1024x253.png 1024w, https:\/\/festejo.art.br\/2024\/belo-horizonte\/wp-content\/uploads\/2025\/01\/Festejo_cartaz-7-e1736637473410-768x190.png 768w, https:\/\/festejo.art.br\/2024\/belo-horizonte\/wp-content\/uploads\/2025\/01\/Festejo_cartaz-7-e1736637473410-1536x380.png 1536w\" sizes=\"(max-width: 1843px) 100vw, 1843px\" \/>\t\t\t\t\t\t\t\t\t\t\t\t\t<\/div>\n\t\t\t\t<\/div>\n\t\t\t\t\t<\/div>\n\t\t<\/div>\n\t\t\t\t\t<\/div>\n\t\t<\/section>\n\t\t\t\t<\/div>\n\t\t","protected":false},"excerpt":{"rendered":"<p>PATROC\u00cdNIO Instituto Unimed-BH O Instituto Unimed-BH completou 20 anos em 2023. A associa\u00e7\u00e3o sem fins lucrativos foi criada em 2003 e, desde ent\u00e3o, desenvolve projetos socioculturais e socioambientais visando \u00e0 forma\u00e7\u00e3o da cidadania, estimulando o bem-estar e a qualidade de vida das pessoas, fomentando a economia criativa, valorizando espa\u00e7os p\u00fablicos e o meio ambiente. Ao [&hellip;]<\/p>\n","protected":false},"author":1,"featured_media":0,"parent":0,"menu_order":0,"comment_status":"closed","ping_status":"closed","template":"","meta":{"footnotes":""},"class_list":["post-696","page","type-page","status-publish","hentry"],"_links":{"self":[{"href":"https:\/\/festejo.art.br\/2024\/belo-horizonte\/wp-json\/wp\/v2\/pages\/696","targetHints":{"allow":["GET"]}}],"collection":[{"href":"https:\/\/festejo.art.br\/2024\/belo-horizonte\/wp-json\/wp\/v2\/pages"}],"about":[{"href":"https:\/\/festejo.art.br\/2024\/belo-horizonte\/wp-json\/wp\/v2\/types\/page"}],"author":[{"embeddable":true,"href":"https:\/\/festejo.art.br\/2024\/belo-horizonte\/wp-json\/wp\/v2\/users\/1"}],"replies":[{"embeddable":true,"href":"https:\/\/festejo.art.br\/2024\/belo-horizonte\/wp-json\/wp\/v2\/comments?post=696"}],"version-history":[{"count":70,"href":"https:\/\/festejo.art.br\/2024\/belo-horizonte\/wp-json\/wp\/v2\/pages\/696\/revisions"}],"predecessor-version":[{"id":1658,"href":"https:\/\/festejo.art.br\/2024\/belo-horizonte\/wp-json\/wp\/v2\/pages\/696\/revisions\/1658"}],"wp:attachment":[{"href":"https:\/\/festejo.art.br\/2024\/belo-horizonte\/wp-json\/wp\/v2\/media?parent=696"}],"curies":[{"name":"wp","href":"https:\/\/api.w.org\/{rel}","templated":true}]}}