{"id":828,"date":"2021-08-16T15:08:02","date_gmt":"2021-08-16T18:08:02","guid":{"rendered":"https:\/\/festejo.art.br\/?page_id=828"},"modified":"2024-04-20T19:29:32","modified_gmt":"2024-04-20T22:29:32","slug":"imprensa","status":"publish","type":"page","link":"https:\/\/festejo.art.br\/2024\/ouro-preto\/imprensa\/","title":{"rendered":"Imprensa"},"content":{"rendered":"\t\t<div data-elementor-type=\"wp-page\" data-elementor-id=\"828\" class=\"elementor elementor-828\">\n\t\t\t\t\t\t<section class=\"elementor-section elementor-top-section elementor-element elementor-element-4fca988 elementor-section-height-min-height elementor-section-items-top elementor-section-boxed elementor-section-height-default\" data-id=\"4fca988\" data-element_type=\"section\" data-settings=\"{&quot;background_background&quot;:&quot;classic&quot;}\">\n\t\t\t\t\t\t<div class=\"elementor-container elementor-column-gap-no\">\n\t\t\t\t\t<div class=\"elementor-column elementor-col-100 elementor-top-column elementor-element elementor-element-3d0857c\" data-id=\"3d0857c\" data-element_type=\"column\" data-settings=\"{&quot;background_background&quot;:&quot;classic&quot;}\">\n\t\t\t<div class=\"elementor-widget-wrap elementor-element-populated\">\n\t\t\t\t\t\t<section class=\"elementor-section elementor-inner-section elementor-element elementor-element-aa632d4 elementor-section-height-min-height elementor-section-boxed elementor-section-height-default\" data-id=\"aa632d4\" data-element_type=\"section\">\n\t\t\t\t\t\t<div class=\"elementor-container elementor-column-gap-default\">\n\t\t\t\t\t<div class=\"elementor-column elementor-col-100 elementor-inner-column elementor-element elementor-element-57709f2\" data-id=\"57709f2\" data-element_type=\"column\">\n\t\t\t<div class=\"elementor-widget-wrap elementor-element-populated\">\n\t\t\t\t\t\t<div class=\"elementor-element elementor-element-02de355 elementor-widget elementor-widget-heading\" data-id=\"02de355\" data-element_type=\"widget\" data-widget_type=\"heading.default\">\n\t\t\t\t<div class=\"elementor-widget-container\">\n\t\t\t<h2 class=\"elementor-heading-title elementor-size-default\">Festejo do Tambor Mineiro \u00e9 realizado em Ouro Preto (MG) pela primeira vez<\/h2>\t\t<\/div>\n\t\t\t\t<\/div>\n\t\t\t\t<div class=\"elementor-element elementor-element-3410af7 elementor-widget elementor-widget-text-editor\" data-id=\"3410af7\" data-element_type=\"widget\" data-widget_type=\"text-editor.default\">\n\t\t\t\t<div class=\"elementor-widget-container\">\n\t\t\t\t\t\t\t<p><i>\u00a0H\u00e1 mais de duas d\u00e9cadas, o Festejo une tradi\u00e7\u00e3o, m\u00fasica, artesanato e gastronomia. Edi\u00e7\u00e3o especial ter\u00e1 participa\u00e7\u00e3o de Fabiana Cozza (SP), shows de Mauricio Tizumba, Pereira da Viola, S\u00e9rgio Perer\u00ea e muito mais.<\/i><\/p><p>Realizado na capital mineira desde 2002, o <b>Festejo do Tambor Mineiro<\/b> vai celebrar o Reinado de Minas Gerais pela primeira vez em <b>Ouro Preto<\/b>. Reunindo guardas de congado, apresenta\u00e7\u00f5es art\u00edsticas e feira de arte e gastronomia, a edi\u00e7\u00e3o especial ser\u00e1 no dia <b>19 de maio<\/b>, domingo, <b>a partir das 9 horas<\/b>, na <b>Vila da Chapada<\/b>, perto de Lavras Novas. <b>A entrada \u00e9 gratuita<\/b>. Esta edi\u00e7\u00e3o \u00e9 patrocinada pelo Instituto Cultural Vale, via Lei Federal de Incentivo \u00e0 Cultura.<\/p><p>As atividades t\u00eam in\u00edcio na<b> parte da manh\u00e3<\/b>, com a chegada das <b>Irmandades do Ros\u00e1rio<\/b> em um momento de celebra\u00e7\u00e3o da cultura reinadeira. Ser\u00e3o treze guardas, entre Mo\u00e7ambiques, Congos, Caboclos e Marujos vindos de Ouro Preto, Congonhas, Belo Vale e Belo Horizonte. Os reinados\/congados negros, com suas guardas, reapresentam nas ruas a hist\u00f3ria da retirada de Nossa Senhora do Ros\u00e1rio do mar pelos negros escravizados. Centenas de guardas mant\u00eam a riqueza dessa tradi\u00e7\u00e3o afro-mineira no estado.<\/p><p>Na parte da tarde, o p\u00fablico \u00e9 convidado a acompanhar apresenta\u00e7\u00f5es de circo, cortejos de grupos percussivos e shows com artistas refer\u00eancia da cultura afro.\u00a0<\/p><p>O destaque da edi\u00e7\u00e3o \u00e9 a participa\u00e7\u00e3o da cantora paulista Fabiana Cozza (SP), que se apresenta ao lado de Mauricio Tizumba e do Bloco Tambor Mineiro. Fabiana \u00e9 uma das principais int\u00e9rpretes do samba no pa\u00eds, com fortes ra\u00edzes na m\u00fasica afro-brasileira, tendo grava\u00e7\u00f5es e participa\u00e7\u00f5es ao lado de estrelas como Maria Beth\u00e2nia, P\u00e9ricles, Ivan Lins, Paulinho da Viola, Hermeto Pascoal e Chico C\u00e9sar.<\/p><p>Criada em Cachoeira do Campo, distrito de Ouro Preto, a cantora e atriz Silvia Gomes se apresenta com S\u00e9rgio Perer\u00ea e o Bloco Oficina Tambolel\u00ea. Outro destaque desta edi\u00e7\u00e3o do Festejo \u00e9 o cantor, violeiro e compositor Pereira da Viola, da Comunidade Quilombola de S\u00e3o Juli\u00e3o, no Vale do Mucuri.\u00a0<\/p><p>Al\u00e9m deles, participam o Grupo Ingoma, de Juiz de Fora, que pesquisa o congado mineiro e as toadas tradicionais; a Radiante Jazz Band, de Ouro Preto, dedicada \u00e0 performance do jazz com influ\u00eancias de dixieland; o Bloco Sa\u00fade, liderado pelo m\u00fasico, percussionista e cantor Bruno Messias, de Belo Horizonte, dedicado a promover a cultura negra no Brasil e no exterior; Cici Floresta e Bloco Encantado, tamb\u00e9m da capital mineira, com repert\u00f3rio de maracatu do baque virado, Bumba Meu Boi do Maranh\u00e3o e ciranda; e a artista circense Roseane Corr\u00eaa, outro talento de BH, com performance de circo.<\/p><p>Completam a programa\u00e7\u00e3o art\u00edstica Anabella Porta, percussionista e cantora, e Ignacio Ben\u00edtez, violonista e compositor. O duo argentino explora a tradi\u00e7\u00e3o de voz e viol\u00e3o portenhos, abarcando ritmos latinos como chacarera, zamba e huayno.<\/p><p>\u201cA rela\u00e7\u00e3o desses grandes artistas que vir\u00e3o festar o Tambor Mineiro \u00e9 de uma partilha de cultura, experi\u00eancias e arte, a partir da valoriza\u00e7\u00e3o da cultura afro em toda parte do Brasil e em outros pa\u00edses. E \u00e9 de grande ganho para Ouro Preto, que carrega a mem\u00f3ria de Chico Rei, um dos precursores do congado, que esta edi\u00e7\u00e3o do festejo aconte\u00e7a na nossa cidade\u201d, avalia Kedison Guimar\u00e3es, diretor de Igualdade Racial da Secretaria Municipal de Cultura e Turismo de Ouro Preto.<\/p><p><strong>FESTEJO DO TAMBOR MINEIRO<\/strong><\/p><p>Idealizado por <strong>Mauricio Tizumba<\/strong> e realizado desde 2002, o <strong>Festejo do Tambor Mineiro<\/strong> \u00e9 um dos principais festivais culturais da capital mineira. Com o objetivo de difundir e valorizar a cultura afro-mineira, re\u00fane anualmente guardas de congado de Minas Gerais, grupos percussivos, grandes nomes da m\u00fasica afro-brasileira e feira de artesanato e de comidas, atraindo um p\u00fablico de cerca de 5 mil pessoas a cada edi\u00e7\u00e3o. O festival faz parte do calend\u00e1rio oficial de Belo Horizonte. Todos os anos, o Festejo do Tambor Mineiro tamb\u00e9m recolhe alimentos para somar \u00e0s festas das guardas e fortalecer os festejos de Irmandades do Ros\u00e1rio.<\/p><p><em>&#8220;A nossa m\u00fasica, a m\u00fasica de Minas Gerais, tem a influ\u00eancia dos congados e reinados, dos nossos batuques, ainda que boa parte das pessoas desconhe\u00e7a isso. Anualmente, as Irmandades do Ros\u00e1rio fazem seus festejos, louvam Nossa Senhora do Ros\u00e1rio, agradecem a S\u00e3o Benedito a comida farta, em um ciclo de visitas m\u00fatuas que movimentam suas comunidades. O Festejo do Tambor Mineiro traz essa riqueza para o centro do debate e, pela primeira vez, realiza esse festejo em Ouro Preto, terra de cultura congadeira forte, como um convite para celebrar junto nossas ra\u00edzes&#8221;<\/em>, completa Mauricio Tizumba.\u00a0<\/p><p><strong>Sobre o Instituto Cultural Vale<\/strong><\/p><p>O <strong>Instituto Cultural Vale<\/strong> acredita que a cultura transforma vidas. Por isso, patrocina e fomenta projetos em parcerias que promovem conex\u00f5es entre pessoas, iniciativas e territ\u00f3rios. Seu compromisso \u00e9 contribuir com uma cultura cada vez mais acess\u00edvel e plural, ao mesmo tempo em que atua para o fortalecimento da economia criativa.<\/p><p>Desde a sua cria\u00e7\u00e3o, em 2020, o Instituto Cultural Vale j\u00e1 esteve ao lado de mais de 800 projetos em 24 estados e no Distrito Federal, contemplando as cinco regi\u00f5es do pa\u00eds. Dentre eles, uma rede de espa\u00e7os culturais pr\u00f3prios, patrocinados via Lei Federal de Incentivo \u00e0 Cultura, com visita\u00e7\u00e3o gratuita, identidade e voca\u00e7\u00e3o \u00fanicas: Memorial Minas Gerais Vale (MG), Museu Vale (ES), Centro Cultural Vale Maranh\u00e3o (MA) e Casa da Cultura de Cana\u00e3 dos Caraj\u00e1s (PA). Onde tem Cultura, a Vale est\u00e1.<\/p><p>Visite o site do Instituto Cultural Vale: <a href=\"http:\/\/institutoculturalvale.org\" target=\"_blank\" rel=\"noopener\">institutoculturalvale.org<\/a><\/p><p><strong>SERVI\u00c7O.<\/strong><\/p><p>Festejo do Tambor Mineiro em Ouro Preto<\/p><p><strong>Onde.<\/strong> Vila da Chapada, pr\u00f3ximo \u00e0 Lavras Novas<\/p><p><strong>Quando.<\/strong> 19\/5 (domingo), a partir de 9h<\/p><p><strong>Quanto.<\/strong> Entrada gratuita, sem a necessidade da retirada de ingressos<\/p><div>\u00a0<\/div>\t\t\t\t\t\t<\/div>\n\t\t\t\t<\/div>\n\t\t\t\t<div class=\"elementor-element elementor-element-e17fbb1 elementor-widget elementor-widget-button\" data-id=\"e17fbb1\" data-element_type=\"widget\" data-widget_type=\"button.default\">\n\t\t\t\t<div class=\"elementor-widget-container\">\n\t\t\t\t\t<div class=\"elementor-button-wrapper\">\n\t\t\t<a class=\"elementor-button elementor-button-link elementor-size-sm\" href=\"https:\/\/festejo.art.br\/2024\/ouro-preto\/programacao\">\n\t\t\t\t\t\t<span class=\"elementor-button-content-wrapper\">\n\t\t\t\t\t\t\t\t\t<span class=\"elementor-button-text\">Confira a programa\u00e7\u00e3o completa<\/span>\n\t\t\t\t\t<\/span>\n\t\t\t\t\t<\/a>\n\t\t<\/div>\n\t\t\t\t<\/div>\n\t\t\t\t<\/div>\n\t\t\t\t<div class=\"elementor-element elementor-element-729bd99 elementor-widget elementor-widget-heading\" data-id=\"729bd99\" data-element_type=\"widget\" data-widget_type=\"heading.default\">\n\t\t\t\t<div class=\"elementor-widget-container\">\n\t\t\t<h2 class=\"elementor-heading-title elementor-size-default\">Informa\u00e7\u00f5es para a imprensa<\/h2>\t\t<\/div>\n\t\t\t\t<\/div>\n\t\t\t\t<div class=\"elementor-element elementor-element-2cd8116 elementor-widget elementor-widget-text-editor\" data-id=\"2cd8116\" data-element_type=\"widget\" data-widget_type=\"text-editor.default\">\n\t\t\t\t<div class=\"elementor-widget-container\">\n\t\t\t\t\t\t\t<p><b>Floriano Comunica\u00e7\u00e3o<\/b><\/p><p><span style=\"font-weight: 400;\">Lucas Buzatti Faria<\/span><\/p><p><span style=\"font-weight: 400;\">(31) 99584-6364<\/span><\/p><p><span style=\"font-weight: 400;\">comunicacaofloriano@gmail.com<\/span><\/p>\t\t\t\t\t\t<\/div>\n\t\t\t\t<\/div>\n\t\t\t\t\t<\/div>\n\t\t<\/div>\n\t\t\t\t\t<\/div>\n\t\t<\/section>\n\t\t\t\t\t<\/div>\n\t\t<\/div>\n\t\t\t\t\t<\/div>\n\t\t<\/section>\n\t\t\t\t<section class=\"elementor-section elementor-top-section elementor-element elementor-element-b284b3d elementor-section-boxed elementor-section-height-default elementor-section-height-default\" data-id=\"b284b3d\" data-element_type=\"section\" data-settings=\"{&quot;background_background&quot;:&quot;classic&quot;}\">\n\t\t\t\t\t\t<div class=\"elementor-container elementor-column-gap-default\">\n\t\t\t\t\t<div class=\"elementor-column elementor-col-100 elementor-top-column elementor-element elementor-element-b88f427\" data-id=\"b88f427\" data-element_type=\"column\">\n\t\t\t<div class=\"elementor-widget-wrap elementor-element-populated\">\n\t\t\t\t\t\t<div class=\"elementor-element elementor-element-3d98486 e-grid-align-mobile-left elementor-shape-rounded elementor-grid-0 e-grid-align-center elementor-widget elementor-widget-social-icons\" data-id=\"3d98486\" data-element_type=\"widget\" data-widget_type=\"social-icons.default\">\n\t\t\t\t<div class=\"elementor-widget-container\">\n\t\t\t\t\t<div class=\"elementor-social-icons-wrapper elementor-grid\">\n\t\t\t\t\t\t\t<span class=\"elementor-grid-item\">\n\t\t\t\t\t<a class=\"elementor-icon elementor-social-icon elementor-social-icon-facebook elementor-repeater-item-d533e3a\" href=\"https:\/\/www.facebook.com\/festejotambormineiro\/\" target=\"_blank\">\n\t\t\t\t\t\t<span class=\"elementor-screen-only\">Facebook<\/span>\n\t\t\t\t\t\t<i class=\"fab fa-facebook\"><\/i>\t\t\t\t\t<\/a>\n\t\t\t\t<\/span>\n\t\t\t\t\t\t\t<span class=\"elementor-grid-item\">\n\t\t\t\t\t<a class=\"elementor-icon elementor-social-icon elementor-social-icon-instagram elementor-repeater-item-a60936e\" href=\"https:\/\/www.instagram.com\/festejotambormineiro\/\" target=\"_blank\">\n\t\t\t\t\t\t<span class=\"elementor-screen-only\">Instagram<\/span>\n\t\t\t\t\t\t<i class=\"fab fa-instagram\"><\/i>\t\t\t\t\t<\/a>\n\t\t\t\t<\/span>\n\t\t\t\t\t\t\t<span class=\"elementor-grid-item\">\n\t\t\t\t\t<a class=\"elementor-icon elementor-social-icon elementor-social-icon-youtube elementor-repeater-item-b6eb838\" href=\"https:\/\/www.youtube.com\/festejotambormineiro\" target=\"_blank\">\n\t\t\t\t\t\t<span class=\"elementor-screen-only\">Youtube<\/span>\n\t\t\t\t\t\t<i class=\"fab fa-youtube\"><\/i>\t\t\t\t\t<\/a>\n\t\t\t\t<\/span>\n\t\t\t\t\t\t\t<span class=\"elementor-grid-item\">\n\t\t\t\t\t<a class=\"elementor-icon elementor-social-icon elementor-social-icon-envelope elementor-repeater-item-d431c3a\" href=\"mailto:festejo@napele.com.br\" target=\"_blank\">\n\t\t\t\t\t\t<span class=\"elementor-screen-only\">Envelope<\/span>\n\t\t\t\t\t\t<i class=\"fas fa-envelope\"><\/i>\t\t\t\t\t<\/a>\n\t\t\t\t<\/span>\n\t\t\t\t\t<\/div>\n\t\t\t\t<\/div>\n\t\t\t\t<\/div>\n\t\t\t\t<div class=\"elementor-element elementor-element-1f9bbf3 elementor-widget elementor-widget-text-editor\" data-id=\"1f9bbf3\" data-element_type=\"widget\" data-widget_type=\"text-editor.default\">\n\t\t\t\t<div class=\"elementor-widget-container\">\n\t\t\t\t\t\t\t<p>festejo@napele.com.br<\/p>\t\t\t\t\t\t<\/div>\n\t\t\t\t<\/div>\n\t\t\t\t\t<\/div>\n\t\t<\/div>\n\t\t\t\t\t<\/div>\n\t\t<\/section>\n\t\t\t\t<section class=\"elementor-section elementor-top-section elementor-element elementor-element-dd23893 elementor-section-boxed elementor-section-height-default elementor-section-height-default\" data-id=\"dd23893\" data-element_type=\"section\" data-settings=\"{&quot;background_background&quot;:&quot;classic&quot;}\">\n\t\t\t\t\t\t<div class=\"elementor-container elementor-column-gap-default\">\n\t\t\t\t\t<div class=\"elementor-column elementor-col-100 elementor-top-column elementor-element elementor-element-bbc64c2\" data-id=\"bbc64c2\" data-element_type=\"column\">\n\t\t\t<div class=\"elementor-widget-wrap elementor-element-populated\">\n\t\t\t\t\t\t<div class=\"elementor-element elementor-element-124f6ce elementor-hidden-phone elementor-widget elementor-widget-image\" data-id=\"124f6ce\" data-element_type=\"widget\" data-widget_type=\"image.default\">\n\t\t\t\t<div class=\"elementor-widget-container\">\n\t\t\t\t\t\t\t\t\t\t\t\t\t<img fetchpriority=\"high\" decoding=\"async\" width=\"1146\" height=\"169\" src=\"https:\/\/festejo.art.br\/2024\/ouro-preto\/wp-content\/uploads\/2024\/04\/regua_patrocinio.png\" class=\"attachment-full size-full wp-image-1409\" alt=\"\" srcset=\"https:\/\/festejo.art.br\/2024\/ouro-preto\/wp-content\/uploads\/2024\/04\/regua_patrocinio.png 1146w, https:\/\/festejo.art.br\/2024\/ouro-preto\/wp-content\/uploads\/2024\/04\/regua_patrocinio-300x44.png 300w, https:\/\/festejo.art.br\/2024\/ouro-preto\/wp-content\/uploads\/2024\/04\/regua_patrocinio-1024x151.png 1024w, https:\/\/festejo.art.br\/2024\/ouro-preto\/wp-content\/uploads\/2024\/04\/regua_patrocinio-768x113.png 768w\" sizes=\"(max-width: 1146px) 100vw, 1146px\" \/>\t\t\t\t\t\t\t\t\t\t\t\t\t<\/div>\n\t\t\t\t<\/div>\n\t\t\t\t\t<\/div>\n\t\t<\/div>\n\t\t\t\t\t<\/div>\n\t\t<\/section>\n\t\t\t\t<\/div>\n\t\t","protected":false},"excerpt":{"rendered":"<p>Festejo do Tambor Mineiro \u00e9 realizado em Ouro Preto (MG) pela primeira vez \u00a0H\u00e1 mais de duas d\u00e9cadas, o Festejo une tradi\u00e7\u00e3o, m\u00fasica, artesanato e gastronomia. Edi\u00e7\u00e3o especial ter\u00e1 participa\u00e7\u00e3o de Fabiana Cozza (SP), shows de Mauricio Tizumba, Pereira da Viola, S\u00e9rgio Perer\u00ea e muito mais. Realizado na capital mineira desde 2002, o Festejo do [&hellip;]<\/p>\n","protected":false},"author":1,"featured_media":0,"parent":0,"menu_order":0,"comment_status":"closed","ping_status":"closed","template":"elementor_header_footer","meta":{"footnotes":""},"_links":{"self":[{"href":"https:\/\/festejo.art.br\/2024\/ouro-preto\/wp-json\/wp\/v2\/pages\/828"}],"collection":[{"href":"https:\/\/festejo.art.br\/2024\/ouro-preto\/wp-json\/wp\/v2\/pages"}],"about":[{"href":"https:\/\/festejo.art.br\/2024\/ouro-preto\/wp-json\/wp\/v2\/types\/page"}],"author":[{"embeddable":true,"href":"https:\/\/festejo.art.br\/2024\/ouro-preto\/wp-json\/wp\/v2\/users\/1"}],"replies":[{"embeddable":true,"href":"https:\/\/festejo.art.br\/2024\/ouro-preto\/wp-json\/wp\/v2\/comments?post=828"}],"version-history":[{"count":67,"href":"https:\/\/festejo.art.br\/2024\/ouro-preto\/wp-json\/wp\/v2\/pages\/828\/revisions"}],"predecessor-version":[{"id":1509,"href":"https:\/\/festejo.art.br\/2024\/ouro-preto\/wp-json\/wp\/v2\/pages\/828\/revisions\/1509"}],"wp:attachment":[{"href":"https:\/\/festejo.art.br\/2024\/ouro-preto\/wp-json\/wp\/v2\/media?parent=828"}],"curies":[{"name":"wp","href":"https:\/\/api.w.org\/{rel}","templated":true}]}}